16143?
1
What is the hundreds digit of 3846?
8
What is the hundreds digit of 85911?
9
What is the thousands digit of 69487?
9
What is the thousands digit of 39855?
9
What is the hundreds digit of 916?
9
What is the units digit of 441?
1
What is the units digit of 42294?
4
What is the thousands digit of 8404?
8
What is the ten thousands digit of 15879?
1
What is the hundreds digit of 99841?
8
What is the hundreds digit of 4611?
6
What is the units digit of 2309?
9
What is the units digit of 124168?
8
What is the tens digit of 9288?
8
What is the tens digit of 5750?
5
What is the hundreds digit of 89448?
4
What is the hundreds digit of 8383?
3
What is the tens digit of 14392?
9
What is the hundreds digit of 255?
2
What is the tens digit of 20077?
7
What is the tens digit of 12133?
3
What is the ten thousands digit of 25238?
2
What is the hundreds digit of 5325?
3
What is the hundreds digit of 1057?
0
What is the units digit of 848?
8
What is the hundreds digit of 19454?
4
What is the tens digit of 487?
8
What is the tens digit of 493?
9
What is the units digit of 425?
5
What is the thousands digit of 1338?
1
What is the ten thousands digit of 29987?
2
What is the ten thousands digit of 107532?
0
What is the tens digit of 14279?
7
What is the thousands digit of 12014?
2
What is the tens digit of 542?
4
What is the ten thousands digit of 61037?
6
What is the units digit of 6145?
5
What is the units digit of 22036?
6
What is the tens digit of 14790?
9
What is the units digit of 1138?
8
What is the hundreds digit of 3125?
1
What is the hundreds digit of 2342?
3
What is the thousands digit of 10067?
0
What is the units digit of 61844?
4
What is the units digit of 598?
8
What is the units digit of 688?
8
What is the hundreds digit of 895?
8
What is the units digit of 4357?
7
What is the thousands digit of 67551?
7
What is the hundreds digit of 12736?
7
What is the hundreds digit of 463?
4
What is the units digit of 64506?
6
What is the tens digit of 843?
4
What is the tens digit of 150?
5
What is the hundreds digit of 238?
2
What is the tens digit of 360?
6
What is the units digit of 2405?
5
What is the units digit of 14724?
4
What is the units digit of 818?
8
What is the units digit of 125330?
0
What is the tens digit of 88525?
2
What is the ten thousands digit of 81469?
8
What is the ten thousands digit of 129722?
2
What is the units digit of 6639?
9
What is the tens digit of 46?
4
What is the tens digit of 2003?
0
What is the thousands digit of 1449?
1
What is the ten thousands digit of 20584?
2
What is the tens digit of 8519?
1
What is the hundreds digit of 62616?
6
What is the units digit of 12064?
4
What is the units digit of 1799?
9
What is the hundred thousands digit of 114103?
1
What is the thousands digit of 40157?
0
What is the tens digit of 7374?
7
What is the hundreds digit of 2962?
9
What is the hundreds digit of 377?
3
What is the units digit of 52055?
5
What is the units digit of 172?
2
What is the hundreds digit of 641?
6
What is the thousands digit of 9120?
9
What is the hundreds digit of 1686?
6
What is the units digit of 67848?
8
What is the thousands digit of 70359?
0
What is the thousands digit of 2330?
2
What is the units digit of 2273?
3
What is the thousands digit of 64004?
4
What is the units digit of 968?
8
What is the units digit of 12555?
5
What is the thousands digit of 29800?
9
What is the thousands digit of 12119?
2
What is the units digit of 6182?
2
What is the tens digit of 3773?
7
What is the units digit of 1067?
7
What is the units digit of 40666?
6
What is the units digit of 81331?
1
What is the tens digit of 127489?
8
What is the units digit of 23897?
7
What is the units digit of 9794?
4
What is the thousands digit of 22190?
2
What is the hundreds digit of 679?
6
What is the tens digit of 26246?
4
What is the tens digit of 1703?
0
What is the units digit of 1695?
5
What is the thousands digit of 21909?
1
What is the thousands digit of 51116?
1
What is the units digit of 1442?
2
What is the thousands digit of 27851?
7
What is the units digit of 7296?
6
What is the units digit of 245?
5
What is the hundreds digit of 134?
1
What is the tens digit of 564?
6
What is the hundreds digit of 2083?
0
What is the units digit of 5228?
8
What is the units digit of 65586?
6
What is the units digit of 13792?
2
What is the ten thousands digit of 44556?
4
What is the tens digit of 70085?
8
What is the hundreds digit of 2656?
6
What is the thousands digit of 29503?
9
What is the units digit of 895?
5
What is the tens digit of 1266?
6
What is the units digit of 7368?
8
What is the hundreds digit of 5191?
1
What is the units digit of 34969?
9
What is the thousands digit of 2357?
2
What is the tens digit of 3077?
7
What is the thousands digit of 4348?
4
What is the units digit of 15068?
8
What is the tens digit of 3769?
6
What is the tens digit of 2593?
9
What is the thousands digit of 39807?
9
What is the tens digit of 338?
3
What is the tens digit of 26024?
2
What is the tens digit of 883?
8
What is the thousands digit of 2753?
2
What is the tens digit of 1609?
0
What is the tens digit of 36?
3
What is the units digit of 210?
0
What is the hundreds digit of 480?
4
What is the hundred thousands digit of 119209?
1
What is the thousands digit of 2212?
2
What is the tens digit of 28647?
4
What is the thousands digit of 1381?
1
What is the tens digit of 831?
3
What is the thousands digit of 162989?
2
What is the hundreds digit of 71617?
6
What is the thousands digit of 1759?
1
What is the hundreds digit of 3900?
9
What is the units digit of 312?
2
What is the units digit of 24727?
7
What is the ten thousands digit of 27716?
2
What is the hundreds digit of 49204?
2
What is the thousands digit of 1563?
1
What is the hundreds digit of 1263?
2
What is the hundreds digit of 3583?
5
What is the tens digit of 12342?
4
What is the tens digit of 16811?
1
What is the units digit of 1026?
6
What is the units digit of 34462?
2
What is the units digit of 1735?
5
What is the thousands digit of 2784?
2
What is the hundreds digit of 54215?
2
What is the ten thousands digit of 168185?
6
What is the tens digit of 784?
8
What is the tens digit of 56229?
2
What is the tens digit of 1828?
2
What is the tens digit of 6819?
1
What is the units digit of 23108?
8
What is the hundred thousands digit of 128895?
1
What is the hundreds digit of 4998?
9
What is the tens digit of 87?
8
What is the thousands digit of 73156?
3
What is the units digit of 3804?
4
What is the hundred thousands digit of 175859?
1
What is the units digit of 42513?
3
What is the hundred thousands digit of 103545?
1
What is the units digit of 5930?
0
What is the thousands digit of 9292?
9
What is the tens digit of 825?
2
What is the thousands digit of 2810?
2
What is the thousands digit of 88262?
8
What is the units digit of 333?
3
What is the hundreds digit of 16499?
4
What is the ten thousands digit of 39176?
3
What is the thousands digit of 9542?
9
What is the tens digit of 16?
1
What is the thousands digit of 6243?
6
What is the hundreds digit of 34371?
3
What is the tens digit of 54831?
3
What is the units digit of 1083?
3
What is the hundreds digit of 27143?
1
What is the tens digit of 920?
2
What is the hundreds digit of 2145?
1
What is the units digit of 92460?
0
What is the thousands digit of 1300?
1
What is the tens digit of 200447?
4
What is the units digit of 1643?
3
What is the hundreds digit of 111135?
1
What is the units digit of 12653?
3
What is the tens digit of 14708?
0
What is the units digit of 36351?
1
What is the tens digit of 12784?
8
What is the hundreds digit of 4003?
0
What is the hundreds digit of 7700?
7
What is the hundreds digit of 3098?
0
What is the tens digit of 469?
6
What is the tens digit of 27458?
5
What is the units digit of 32285?
5
What is the hundreds digit of 165?
1
What is the units digit of 3515?
5
What is the hundreds digit of 46996?
9
What is the thousands digit of 13020?
3
What is the tens digit of 45682?
8
What is the units digit of 39759?
9
What is the tens digit of 2526?
2
What is the hundreds digit of 2199?
1
What is the tens digit of 24550?
5
What is the thousands digit of 4198?
4
What is the ten thousands digit of 25023?
2
What is the h